tiple of 309?
True
Is 745156760 a multiple of 10?
True
Does 1591 divide 2348558914?
False
Is 678 a factor of 33422866?
False
Does 267 divide 40604292?
True
Is 91843920 a multiple of 240?
True
Does 2394 divide 57025080?
True
Is 5859120 a multiple of 6?
True
Is 185 a factor of 96577149?
False
Is 4 a factor of 6386300?
True
Does 185 divide 136966160?
False
Is 48189834 a multiple of 147?
True
Is 78 a factor of 3143049?
False
Is 494228093 a multiple of 23?
False
Is 28 a factor of 656161380?
True
Is 160648343 a multiple of 534?
False
Does 610 divide 18994790?
True
Is 806 a factor of 181208144?
True
Does 8 divide 4815803?
False
Is 47062809 even?
False
Is 967649416 a multiple of 2806?
False
Is 1566 a factor of 990742246?
False
Does 1014 divide 7429701428?
False
Does 319 divide 33477774?
True
Is 10 a factor of 151468440?
True
Does 297 divide 10250875?
False
Is 118999254 a multiple of 5?
False
Is 168 a factor of 30886839?
False
Does 600 divide 1000800?
True
Does 3241 divide 131380417?
True
Is 2503 a factor of 156077068?
True
Is 43922437 a multiple of 207?
False
Does 34 divide 1987986290?
True
Does 4168 divide 1257535298?
False
Does 16 divide 1336554911?
False
Is 18 a factor of 567222210?
True
Is 328572291 a multiple of 3?
True
Is 372362481 a multiple of 6?
False
Is 762 a factor of 870408978?
True
Does 491 divide 331381301?
True
Is 54429974 a multiple of 14?
False
Is 9047832 a multiple of 552?
True
Is 20849808 a multiple of 94?
False
Is 301 a factor of 51271417?
False
Is 29 a factor of 67066235?
False
Does 7 divide 676936110?
False
Is 11492457 a multiple of 8?
False
Is 141 a factor of 1738021143?
False
Does 532 divide 8687560?
True
Is 84660120 a multiple of 12?
True
Is 47 a factor of 899843?
False
Does 510 divide 99318202?
False
Does 264 divide 551045962?
False
Is 2175803989 a multiple of 6?
False
Does 38 divide 1103178342?
True
Is 46277182 a multiple of 35?
False
Is 935876492 a multiple of 231?
False
Is 140901507 a multiple of 4717?
True
Is 25 a factor of 8960325?
True
Is 137955475 a multiple of 11?
False
Is 188397623 a multiple of 80?
False
Does 40 divide 239029897?
False
Does 737 divide 102844665?
True
Is 226 a factor of 1017306682?
True
Is 29081589 a multiple of 3?
True
Is 21833230 a multiple of 10?
True
Does 1720 divide 887434000?
True
Is 5303151 a multiple of 7?
True
Is 246 a factor of 2718239730?
True
Is 39 a factor of 18448412?
False
Is 306907229 a multiple of 43?
False
Does 98 divide 209832407?
False
Does 258 divide 16345902?
False
Is 10130399 a multiple of 580?
False
Is 21 a factor of 18190893?
True
Is 86 a factor of 176367080?
True
Is 4 a factor of 748248?
True
Is 95368815 a multiple of 2718?
False
Is 874 a factor of 1698249890?
False
Is 14090950 a multiple of 65?
False
Is 10 a factor of 70857757?
False
Does 697 divide 355178654?
True
Is 42 a factor of 128149907?
False
Does 1615 divide 199434735?
True
Is 21507088 a multiple of 16?
True
Is 91 a factor of 4469032?
False
Does 28 divide 72594358?
False
Does 146 divide 7248993?
False
Is 31197290 a multiple of 113?
False
Is 536 a factor of 333194442?
False
Is 1280271796 a multiple of 458?
False
Does 664 divide 96514392?
True
Does 3429 divide 1245894198?
False
Is 24636814 a multiple of 3?
False
Is 4864818324 a multiple of 16158?
True
Is 41 a factor of 3951908?
True
Is 17 a factor of 30170172?
True
Is 613105496 a multiple of 223?
True
Is 240 a factor of 613678?
False
Does 627 divide 14773044?
False
Is 1118 a factor of 33959250?
True
Is 241 a factor of 34224410?
True
Is 956736 a multiple of 96?
True
Does 7 divide 656511114?
True
Is 23 a factor of 448586650?
False
Does 5 divide 301485598?
False
Is 439962912 a multiple of 1116?
True
Is 12 a factor of 5127295?
False
Does 22 divide 56159577?
False
Is 266 a factor of 39286256?
False
Is 138 a factor of 7651458?
False
Is 5082822 a multiple of 62?
True
Does 174 divide 13555818?
True
Is 42685497 a multiple of 59?
True
Does 218 divide 35199806?
True
Is 104911730 a multiple of 418?
True
Is 52352900 a multiple of 25?
True
Is 302 a factor of 203939392?
True
Is 1425535028 a multiple of 656?
False
Is 468 a factor of 150500844?
True
Is 97615675 a multiple of 835?
True
Does 2144 divide 1881252?
False
Is 900 a factor of 28161321?
False
Is 124 a factor of 2313855?
False
Does 32 divide 1104796138?
False
Is 25 a factor of 378264350?
True
Does 297 divide 82536316?
False
Is 90739949 a multiple of 2307?
False
Is 89479428 a multiple of 192?
False
Is 244667472 a multiple of 542?
True
Is 420 a factor of 858628680?
True
Does 9 divide 1703647?
False
Does 468 divide 635737148?
False
Is 94 a factor of 351385642?
False
Does 646 divide 691895070?
True
Does 130 divide 37092537?
False
Is 85425095 a multiple of 53?
False
Is 103412906 a multiple of 46?
False
Does 2392 divide 215280?
True
Is 448855502 a multiple of 2015?
False
Does 111 divide 80901314?
False
Is 6 a factor of 16596162?
True
Is 4891 a factor of 368427077?
False
Is 79 a factor of 68664597?
False
Is 55 a factor of 84022325?
False
Does 293 divide 981888768?
False
Does 61 divide 2351697864?
True
Is 859 a factor of 173191471?
False
Does 183 divide 44383539?
True
Does 129 divide 3410295858?
True
Is 14 a factor of 187926985?
False
Is 443 a factor of 180069311?
True
Is 2391 a factor of 699691560?
False
Is 1084406037 a multiple of 586?
False
Is 302687649 a multiple of 1078?
False
Is 30 a factor of 351830780?
False
Does 190 divide 54508530?
True
Does 9 divide 152758875?
False
Is 361 a factor of 5091153?
False
Does 13 divide 2510577660?
False
Does 323 divide 2075674?
False
Does 8 divide 622543329?
False
Is 1276080455 a multiple of 13?
True
Does 62 divide 1407111?
False
Does 1736 divide 28275968?
True
Does 9383 divide 2544894829?
False
Does 20 divide 294237962?
False
Is 3386 a factor of 58942502?
False
Is 390 a factor of 779004086?
False
Is 668 a factor of 587378030?
False
Is 99 a factor of 45949130?
False
Is 135565117 a multiple of 887?
False
Does 530 divide 19818290?
True
Is 531844257 a multiple of 10551?
True
Is 1406 a factor of 521135633?
False
Does 82 divide 5934687?
False
Is 8534416 a multiple of 3?
False
Does 202 divide 2920325?
False
Does 126 divide 64125527?
False
Is 10132218 a multiple of 465?
False
Is 2101302 a multiple of 162?
True
Is 465 a factor of 409315320?
True
Does 27 divide 95393484?
True
Does 383 divide 2204548?
True
Is 102 a factor of 476807989?
False
Is 8 a factor of 474263793?
False
Is 3438336 a multiple of 8?
True
Does 9 divide 164106009?
True
Does 8289 divide 833434382?
False
Is 205 a factor of 185164696?
False
Does 35 divide 878032963?
False
Does 12 divide 2825124198?
False
Does 1767 divide 1484581?
False
Does 253 divide 2326437939?
False
Is 6890220 a multiple of 1212?
True
Does 591 divide 126845148?
True
Does 27 divide 59118579?
True
Does 1295 divide 37073260?
True
Does 14 divide 9747712?
False
Is 10 a factor of 9099716?
False
Does 8 divide 509591896?
True
Does 284 divide 11624865?
False
Does 29 divide 29263233?
True
Is 285 a factor of 26217435?
True
Is 46 a factor of 23363875?
False
Is 161 a factor of 1436208?
False
Is 48576004 a multiple of 1801?
False
Is 488 a factor of 47520952?
True
Does 467 divide 47921578?
False
Is 1321416 a multiple of 72?
True
Is 5102690 a multiple of 10?
True
Is 653928768 a multiple of 48?
True
Is 35 a factor of 45241173?
False
Is 272277272 a multiple of 113?
False
Is 6372 a factor of 168991812?
True
Is 6237 a factor of 361672617?
False
Does 153 divide 92976111?
True
Is 12 a factor of 3422358024?
True
Does 291 divide 82755162?
True
Does 17 divide 16940755?
True
Is 3859356813 a multiple of 221?
True
Is 720363431 a multiple of 118?
False
Is 36392671 a multiple of 717?
False
Is 94497780 a multiple of 780?
True
Is 99 a factor of 57385182?
False
Is 92 a factor of 173755984?
True
Is 2472 a factor of 126079795?
False
Does 1453 divide 461224337?
True
Is 120 a factor of 350766988?
False
Is 10 a factor of 729270730?
True
Is 8915560 a multiple of 8?
True
Is 151621954 a multiple of 959?
False
Is 2973 a factor of 1371985986?
True
Is 3822 a factor of 305127584?
False
Is 1073197761 a multiple of 823?
True
Is 132 a factor of 87835418?
False
Is 2972764917 a multiple of 267?
True
Does 7456 divide 876609376?
True
Does 19 divide 7831458?
True
Is 30 a factor of 6673816?
False
Does 237 divide 8173207